{"id":1374,"date":"2024-08-26T13:44:44","date_gmt":"2024-08-26T11:44:44","guid":{"rendered":"https:\/\/mt-decoratrice-evenementielle.fr\/?page_id=1374"},"modified":"2024-08-26T13:44:44","modified_gmt":"2024-08-26T11:44:44","slug":"mentions-legales-obligatoires","status":"publish","type":"page","link":"https:\/\/mt-decoratrice-evenementielle.fr\/?page_id=1374","title":{"rendered":"MENTIONS LEGALES OBLIGATOIRES"},"content":{"rendered":"\n<p>SARL MT DECORATRICE EVENEMENTIELLE<\/p>\n\n\n\n<p>G\u00e9rante: Marina THOMAS EI<\/p>\n\n\n\n<p>Domiciliation: 82 Bd Edmond Roussin 35300 Foug\u00e8res<\/p>\n\n\n\n<p>Mail: mt.decoratrice.evenementielle@admin3841<\/p>\n\n\n\n<p>Tel: 06 13 99 10 97<\/p>\n\n\n\n<p>Num\u00e9ro d&rsquo;identification \u00e0 la TVA: FR04883463937<\/p>\n\n\n\n<p>Num\u00e9ro d&rsquo;immatriculation au RCS 88346393700010<\/p>\n\n\n\n<p>H\u00e9bergeur: \u00a0OVH Groupe SAS 2, rue Kellermann, 59100 Roubaix <a href=\"https:\/\/www.google.com\/search?q=ovh+group+roubaix&amp;sca_esv=5a6954a2c5c97320&amp;rlz=1C1AVFC_frFR908FR908&amp;sxsrf=ADLYWIL1nqUu4Az6-TZg3tAr2cBWoo7C_w%3A1724672628322&amp;ei=dGrMZrKvE-GakdUP5pLXuAg&amp;ved=0ahUKEwiyufWaypKIAxVhTaQEHWbJFYcQ4dUDCA8&amp;uact=5&amp;oq=ovh+group+roubaix&amp;gs_lp=Egxnd3Mtd2l6LXNlcnAiEW92aCBncm91cCByb3ViYWl4MggQABgWGAoYHjIIEAAYgAQYogQyCBAAGIAEGKIEMggQABiABBiiBDIIEAAYgAQYogRIuw5QtAJYyA1wAXgBkAEAmAGxAqABqAuqAQcwLjMuMy4xuAEDyAEA-AEBmAIIoALwC8ICChAAGLADGNYEGEfCAgUQABiABMICChAAGIAEGEMYigXCAgYQABgWGB7CAgwQLhjRAxgWGMcBGB7CAggQABiiBBiJBZgDAIgGAZAGCJIHBzEuMy4zLjGgB7Qe&amp;sclient=gws-wiz-serp#\">09 72 10 10 07<\/a><br><\/p>\n","protected":false},"excerpt":{"rendered":"<p>SARL MT DECORATRICE EVENEMENTIELLE G\u00e9rante: Marina THOMAS EI Domiciliation: 82 Bd Edmond Roussin 35300 Foug\u00e8res Mail: mt.decoratrice.evenementielle@admin3841 Tel: 06 13 99 10 97 Num\u00e9ro d&rsquo;identification \u00e0 la TVA: FR04883463937 Num\u00e9ro d&rsquo;immatriculation au RCS 88346393700010 H\u00e9bergeur: \u00a0OVH Groupe SAS 2, rue Kellermann, 59100 Roubaix 09 72 10 10 07<\/p>\n","protected":false},"author":1,"featured_media":0,"parent":0,"menu_order":0,"comment_status":"closed","ping_status":"closed","template":"","meta":{"hide_page_title":"","_themeisle_gutenberg_block_has_review":false,"footnotes":""},"class_list":["post-1374","page","type-page","status-publish","hentry"],"_links":{"self":[{"href":"https:\/\/mt-decoratrice-evenementielle.fr\/index.php?rest_route=\/wp\/v2\/pages\/1374","targetHints":{"allow":["GET"]}}],"collection":[{"href":"https:\/\/mt-decoratrice-evenementielle.fr\/index.php?rest_route=\/wp\/v2\/pages"}],"about":[{"href":"https:\/\/mt-decoratrice-evenementielle.fr\/index.php?rest_route=\/wp\/v2\/types\/page"}],"author":[{"embeddable":true,"href":"https:\/\/mt-decoratrice-evenementielle.fr\/index.php?rest_route=\/wp\/v2\/users\/1"}],"replies":[{"embeddable":true,"href":"https:\/\/mt-decoratrice-evenementielle.fr\/index.php?rest_route=%2Fwp%2Fv2%2Fcomments&post=1374"}],"version-history":[{"count":1,"href":"https:\/\/mt-decoratrice-evenementielle.fr\/index.php?rest_route=\/wp\/v2\/pages\/1374\/revisions"}],"predecessor-version":[{"id":1376,"href":"https:\/\/mt-decoratrice-evenementielle.fr\/index.php?rest_route=\/wp\/v2\/pages\/1374\/revisions\/1376"}],"wp:attachment":[{"href":"https:\/\/mt-decoratrice-evenementielle.fr\/index.php?rest_route=%2Fwp%2Fv2%2Fmedia&parent=1374"}],"curies":[{"name":"wp","href":"https:\/\/api.w.org\/{rel}","templated":true}]}}

<p>SARL MT DECORATRICE EVENEMENTIELLE</p>



<p>Gérante: Marina THOMAS EI</p>



<p>Domiciliation: 82 Bd Edmond Roussin 35300 Fougères</p>



<p>Mail: mt.decoratrice.evenementielle@admin3841</p>



<p>Tel: 06 13 99 10 97</p>



<p>Numéro d&rsquo;identification à la TVA: FR04883463937</p>



<p>Numéro d&rsquo;immatriculation au RCS 88346393700010</p>



<p>Hébergeur:  OVH Groupe SAS 2, rue Kellermann, 59100 Roubaix <a href="https://www.google.com/search?q=ovh+group+roubaix&amp;sca_esv=5a6954a2c5c97320&amp;rlz=1C1AVFC_frFR908FR908&amp;sxsrf=ADLYWIL1nqUu4Az6-TZg3tAr2cBWoo7C_w%3A1724672628322&amp;ei=dGrMZrKvE-GakdUP5pLXuAg&amp;ved=0ahUKEwiyufWaypKIAxVhTaQEHWbJFYcQ4dUDCA8&amp;uact=5&amp;oq=ovh+group+roubaix&amp;gs_lp=Egxnd3Mtd2l6LXNlcnAiEW92aCBncm91cCByb3ViYWl4MggQABgWGAoYHjIIEAAYgAQYogQyCBAAGIAEGKIEMggQABiABBiiBDIIEAAYgAQYogRIuw5QtAJYyA1wAXgBkAEAmAGxAqABqAuqAQcwLjMuMy4xuAEDyAEA-AEBmAIIoALwC8ICChAAGLADGNYEGEfCAgUQABiABMICChAAGIAEGEMYigXCAgYQABgWGB7CAgwQLhjRAxgWGMcBGB7CAggQABiiBBiJBZgDAIgGAZAGCJIHBzEuMy4zLjGgB7Qe&amp;sclient=gws-wiz-serp#">09 72 10 10 07</a><br></p>

<p>SARL MT DECORATRICE EVENEMENTIELLE Gérante: Marina THOMAS EI Domiciliation: 82 Bd Edmond Roussin 35300 Fougères Mail: mt.decoratrice.evenementielle@admin3841 Tel: 06 13 99 10 97 Numéro d&rsquo;identification à la TVA: FR04883463937 Numéro d&rsquo;immatriculation au RCS 88346393700010 Hébergeur:  OVH Groupe SAS 2, rue Kellermann, 59100 Roubaix 09 72 10 10 07</p>
